{"id":15,"date":"2025-02-13T18:07:56","date_gmt":"2025-02-13T21:07:56","guid":{"rendered":"https:\/\/audimedsaude.com.br\/?page_id=15"},"modified":"2025-02-13T18:46:01","modified_gmt":"2025-02-13T21:46:01","slug":"em-breve","status":"publish","type":"page","link":"https:\/\/audimedsaude.com.br\/","title":{"rendered":"Em Breve"},"content":{"rendered":"\t\t<div data-elementor-type=\"wp-page\" data-elementor-id=\"15\" class=\"elementor elementor-15\" data-elementor-post-type=\"page\">\n\t\t\t\t\t\t<section class=\"elementor-section elementor-top-section elementor-element elementor-element-194821031 elementor-section-full_width elementor-section-height-min-height elementor-section-height-default elementor-section-items-middle wpr-particle-no wpr-jarallax-no wpr-parallax-no wpr-sticky-section-no\" data-id=\"194821031\" data-element_type=\"section\">\n\t\t\t\t\t\t<div class=\"elementor-container elementor-column-gap-default\">\n\t\t\t\t\t<div class=\"elementor-column elementor-col-100 elementor-top-column elementor-element elementor-element-1d22e195\" data-id=\"1d22e195\" data-element_type=\"column\" data-settings=\"{&quot;background_background&quot;:&quot;classic&quot;}\">\n\t\t\t<div class=\"elementor-widget-wrap elementor-element-populated\">\n\t\t\t\t\t<div class=\"elementor-background-overlay\"><\/div>\n\t\t\t\t\t\t<section class=\"elementor-section elementor-inner-section elementor-element elementor-element-6e3ec7a8 elementor-section-boxed elementor-section-height-default elementor-section-height-default wpr-particle-no wpr-jarallax-no wpr-parallax-no wpr-sticky-section-no\" data-id=\"6e3ec7a8\" data-element_type=\"section\">\n\t\t\t\t\t\t<div class=\"elementor-container elementor-column-gap-default\">\n\t\t\t\t\t<div class=\"elementor-column elementor-col-50 elementor-inner-column elementor-element elementor-element-16c176be\" data-id=\"16c176be\" data-element_type=\"column\">\n\t\t\t<div class=\"elementor-widget-wrap elementor-element-populated\">\n\t\t\t\t\t\t<div class=\"elementor-element elementor-element-24e17d9 elementor-widget elementor-widget-image\" data-id=\"24e17d9\" data-element_type=\"widget\" data-widget_type=\"image.default\">\n\t\t\t\t<div class=\"elementor-widget-container\">\n\t\t\t\t\t\t\t\t\t\t\t\t\t\t\t<img fetchpriority=\"high\" decoding=\"async\" width=\"300\" height=\"300\" src=\"https:\/\/audimedsaude.com.br\/wp-content\/uploads\/2025\/02\/Audimed-Saude-Home-Care-Favicon-300x300.png\" class=\"attachment-medium size-medium wp-image-8\" alt=\"\" srcset=\"https:\/\/audimedsaude.com.br\/wp-content\/uploads\/2025\/02\/Audimed-Saude-Home-Care-Favicon-300x300.png 300w, https:\/\/audimedsaude.com.br\/wp-content\/uploads\/2025\/02\/Audimed-Saude-Home-Care-Favicon-150x150.png 150w, https:\/\/audimedsaude.com.br\/wp-content\/uploads\/2025\/02\/Audimed-Saude-Home-Care-Favicon.png 515w\" sizes=\"(max-width: 300px) 100vw, 300px\" \/>\t\t\t\t\t\t\t\t\t\t\t\t\t\t\t<\/div>\n\t\t\t\t<\/div>\n\t\t\t\t<div class=\"elementor-element elementor-element-edaa259 elementor-widget elementor-widget-heading\" data-id=\"edaa259\" data-element_type=\"widget\" data-widget_type=\"heading.default\">\n\t\t\t\t<div class=\"elementor-widget-container\">\n\t\t\t\t\t<h2 class=\"elementor-heading-title elementor-size-default\">Audimed Sa\u00fade<\/h2>\t\t\t\t<\/div>\n\t\t\t\t<\/div>\n\t\t\t\t<div class=\"elementor-element elementor-element-c9c306c elementor-widget elementor-widget-heading\" data-id=\"c9c306c\" data-element_type=\"widget\" data-widget_type=\"heading.default\">\n\t\t\t\t<div class=\"elementor-widget-container\">\n\t\t\t\t\t<h2 class=\"elementor-heading-title elementor-size-default\">Home Care<\/h2>\t\t\t\t<\/div>\n\t\t\t\t<\/div>\n\t\t\t\t<div class=\"elementor-element elementor-element-2ba097c elementor-widget elementor-widget-spacer\" data-id=\"2ba097c\" data-element_type=\"widget\" data-widget_type=\"spacer.default\">\n\t\t\t\t<div class=\"elementor-widget-container\">\n\t\t\t\t\t\t\t<div class=\"elementor-spacer\">\n\t\t\t<div class=\"elementor-spacer-inner\"><\/div>\n\t\t<\/div>\n\t\t\t\t\t\t<\/div>\n\t\t\t\t<\/div>\n\t\t\t\t<div class=\"elementor-element elementor-element-6ba30ab elementor-widget elementor-widget-heading\" data-id=\"6ba30ab\" data-element_type=\"widget\" data-widget_type=\"heading.default\">\n\t\t\t\t<div class=\"elementor-widget-container\">\n\t\t\t\t\t<h2 class=\"elementor-heading-title elementor-size-default\">Site em constru\u00e7\u00e3o. Aguardem...<\/h2>\t\t\t\t<\/div>\n\t\t\t\t<\/div>\n\t\t\t\t\t<\/div>\n\t\t<\/div>\n\t\t\t\t<div class=\"elementor-column elementor-col-50 elementor-inner-column elementor-element elementor-element-747b980d\" data-id=\"747b980d\" data-element_type=\"column\">\n\t\t\t<div class=\"elementor-widget-wrap\">\n\t\t\t\t\t\t\t<\/div>\n\t\t<\/div>\n\t\t\t\t\t<\/div>\n\t\t<\/section>\n\t\t\t\t\t<\/div>\n\t\t<\/div>\n\t\t\t\t\t<\/div>\n\t\t<\/section>\n\t\t\t\t<\/div>\n\t\t","protected":false},"excerpt":{"rendered":"<p>Audimed Sa\u00fade Home Care Site em constru\u00e7\u00e3o. Aguardem&#8230;<\/p>\n","protected":false},"author":1,"featured_media":0,"parent":0,"menu_order":0,"comment_status":"closed","ping_status":"closed","template":"elementor_canvas","meta":{"footnotes":""},"class_list":["post-15","page","type-page","status-publish","hentry"],"yoast_head":"<!-- This site is optimized with the Yoast SEO Premium plugin v24.5 (Yoast SEO v24.5) - https:\/\/yoast.com\/wordpress\/plugins\/seo\/ -->\n<title>Em Breve - Audimed Sa\u00fade<\/title>\n<meta name=\"robots\" content=\"index, follow, max-snippet:-1, max-image-preview:large, max-video-preview:-1\" \/>\n<link rel=\"canonical\" href=\"https:\/\/audimedsaude.com.br\/\" \/>\n<meta property=\"og:locale\" content=\"pt_BR\" \/>\n<meta property=\"og:type\" content=\"article\" \/>\n<meta property=\"og:title\" content=\"Em Breve\" \/>\n<meta property=\"og:description\" content=\"Audimed Sa\u00fade Home Care Site em constru\u00e7\u00e3o. Aguardem&#8230;\" \/>\n<meta property=\"og:url\" content=\"https:\/\/audimedsaude.com.br\/\" \/>\n<meta property=\"og:site_name\" content=\"Audimed Sa\u00fade\" \/>\n<meta property=\"article:publisher\" content=\"https:\/\/www.facebook.com\/audimedsaude\" \/>\n<meta property=\"article:modified_time\" content=\"2025-02-13T21:46:01+00:00\" \/>\n<meta property=\"og:image\" content=\"http:\/\/audimedsaude.com.br\/wp-content\/uploads\/2025\/02\/Audimed-Saude-Home-Care-Favicon-300x300.png\" \/>\n<meta name=\"twitter:card\" content=\"summary_large_image\" \/>\n<meta name=\"twitter:label1\" content=\"Est. tempo de leitura\" \/>\n\t<meta name=\"twitter:data1\" content=\"1 minuto\" \/>\n<script type=\"application\/ld+json\" class=\"yoast-schema-graph\">{\"@context\":\"https:\/\/schema.org\",\"@graph\":[{\"@type\":\"WebPage\",\"@id\":\"https:\/\/audimedsaude.com.br\/\",\"url\":\"https:\/\/audimedsaude.com.br\/\",\"name\":\"Em Breve - Audimed Sa\u00fade\",\"isPartOf\":{\"@id\":\"https:\/\/audimedsaude.com.br\/#website\"},\"primaryImageOfPage\":{\"@id\":\"https:\/\/audimedsaude.com.br\/#primaryimage\"},\"image\":{\"@id\":\"https:\/\/audimedsaude.com.br\/#primaryimage\"},\"thumbnailUrl\":\"http:\/\/audimedsaude.com.br\/wp-content\/uploads\/2025\/02\/Audimed-Saude-Home-Care-Favicon-300x300.png\",\"datePublished\":\"2025-02-13T21:07:56+00:00\",\"dateModified\":\"2025-02-13T21:46:01+00:00\",\"breadcrumb\":{\"@id\":\"https:\/\/audimedsaude.com.br\/#breadcrumb\"},\"inLanguage\":\"pt-BR\",\"potentialAction\":[{\"@type\":\"ReadAction\",\"target\":[\"https:\/\/audimedsaude.com.br\/\"]}]},{\"@type\":\"ImageObject\",\"inLanguage\":\"pt-BR\",\"@id\":\"https:\/\/audimedsaude.com.br\/#primaryimage\",\"url\":\"https:\/\/audimedsaude.com.br\/wp-content\/uploads\/2025\/02\/Audimed-Saude-Home-Care-Favicon.png\",\"contentUrl\":\"https:\/\/audimedsaude.com.br\/wp-content\/uploads\/2025\/02\/Audimed-Saude-Home-Care-Favicon.png\",\"width\":515,\"height\":515},{\"@type\":\"BreadcrumbList\",\"@id\":\"https:\/\/audimedsaude.com.br\/#breadcrumb\",\"itemListElement\":[{\"@type\":\"ListItem\",\"position\":1,\"name\":\"In\u00edcio\",\"item\":\"https:\/\/audimedsaude.com.br\/\"},{\"@type\":\"ListItem\",\"position\":2,\"name\":\"Em Breve\"}]},{\"@type\":\"WebSite\",\"@id\":\"https:\/\/audimedsaude.com.br\/#website\",\"url\":\"https:\/\/audimedsaude.com.br\/\",\"name\":\"Audimed Sa\u00fade\",\"description\":\"\",\"publisher\":{\"@id\":\"https:\/\/audimedsaude.com.br\/#organization\"},\"potentialAction\":[{\"@type\":\"SearchAction\",\"target\":{\"@type\":\"EntryPoint\",\"urlTemplate\":\"https:\/\/audimedsaude.com.br\/?s={search_term_string}\"},\"query-input\":{\"@type\":\"PropertyValueSpecification\",\"valueRequired\":true,\"valueName\":\"search_term_string\"}}],\"inLanguage\":\"pt-BR\"},{\"@type\":\"Organization\",\"@id\":\"https:\/\/audimedsaude.com.br\/#organization\",\"name\":\"Audimed Sa\u00fade Home Care\",\"url\":\"https:\/\/audimedsaude.com.br\/\",\"logo\":{\"@type\":\"ImageObject\",\"inLanguage\":\"pt-BR\",\"@id\":\"https:\/\/audimedsaude.com.br\/#\/schema\/logo\/image\/\",\"url\":\"https:\/\/audimedsaude.com.br\/wp-content\/uploads\/2025\/02\/Logos-Home-Care.png\",\"contentUrl\":\"https:\/\/audimedsaude.com.br\/wp-content\/uploads\/2025\/02\/Logos-Home-Care.png\",\"width\":1192,\"height\":336,\"caption\":\"Audimed Sa\u00fade Home Care\"},\"image\":{\"@id\":\"https:\/\/audimedsaude.com.br\/#\/schema\/logo\/image\/\"},\"sameAs\":[\"https:\/\/www.facebook.com\/audimedsaude\",\"https:\/\/www.instagram.com\/audimedsaude\/\"]}]}<\/script>\n<!-- \/ Yoast SEO Premium plugin. -->","yoast_head_json":{"title":"Em Breve - Audimed Sa\u00fade","robots":{"index":"index","follow":"follow","max-snippet":"max-snippet:-1","max-image-preview":"max-image-preview:large","max-video-preview":"max-video-preview:-1"},"canonical":"https:\/\/audimedsaude.com.br\/","og_locale":"pt_BR","og_type":"article","og_title":"Em Breve","og_description":"Audimed Sa\u00fade Home Care Site em constru\u00e7\u00e3o. Aguardem&#8230;","og_url":"https:\/\/audimedsaude.com.br\/","og_site_name":"Audimed Sa\u00fade","article_publisher":"https:\/\/www.facebook.com\/audimedsaude","article_modified_time":"2025-02-13T21:46:01+00:00","og_image":[{"url":"http:\/\/audimedsaude.com.br\/wp-content\/uploads\/2025\/02\/Audimed-Saude-Home-Care-Favicon-300x300.png","type":"","width":"","height":""}],"twitter_card":"summary_large_image","twitter_misc":{"Est. tempo de leitura":"1 minuto"},"schema":{"@context":"https:\/\/schema.org","@graph":[{"@type":"WebPage","@id":"https:\/\/audimedsaude.com.br\/","url":"https:\/\/audimedsaude.com.br\/","name":"Em Breve - Audimed Sa\u00fade","isPartOf":{"@id":"https:\/\/audimedsaude.com.br\/#website"},"primaryImageOfPage":{"@id":"https:\/\/audimedsaude.com.br\/#primaryimage"},"image":{"@id":"https:\/\/audimedsaude.com.br\/#primaryimage"},"thumbnailUrl":"http:\/\/audimedsaude.com.br\/wp-content\/uploads\/2025\/02\/Audimed-Saude-Home-Care-Favicon-300x300.png","datePublished":"2025-02-13T21:07:56+00:00","dateModified":"2025-02-13T21:46:01+00:00","breadcrumb":{"@id":"https:\/\/audimedsaude.com.br\/#breadcrumb"},"inLanguage":"pt-BR","potentialAction":[{"@type":"ReadAction","target":["https:\/\/audimedsaude.com.br\/"]}]},{"@type":"ImageObject","inLanguage":"pt-BR","@id":"https:\/\/audimedsaude.com.br\/#primaryimage","url":"https:\/\/audimedsaude.com.br\/wp-content\/uploads\/2025\/02\/Audimed-Saude-Home-Care-Favicon.png","contentUrl":"https:\/\/audimedsaude.com.br\/wp-content\/uploads\/2025\/02\/Audimed-Saude-Home-Care-Favicon.png","width":515,"height":515},{"@type":"BreadcrumbList","@id":"https:\/\/audimedsaude.com.br\/#breadcrumb","itemListElement":[{"@type":"ListItem","position":1,"name":"In\u00edcio","item":"https:\/\/audimedsaude.com.br\/"},{"@type":"ListItem","position":2,"name":"Em Breve"}]},{"@type":"WebSite","@id":"https:\/\/audimedsaude.com.br\/#website","url":"https:\/\/audimedsaude.com.br\/","name":"Audimed Sa\u00fade","description":"","publisher":{"@id":"https:\/\/audimedsaude.com.br\/#organization"},"potentialAction":[{"@type":"SearchAction","target":{"@type":"EntryPoint","urlTemplate":"https:\/\/audimedsaude.com.br\/?s={search_term_string}"},"query-input":{"@type":"PropertyValueSpecification","valueRequired":true,"valueName":"search_term_string"}}],"inLanguage":"pt-BR"},{"@type":"Organization","@id":"https:\/\/audimedsaude.com.br\/#organization","name":"Audimed Sa\u00fade Home Care","url":"https:\/\/audimedsaude.com.br\/","logo":{"@type":"ImageObject","inLanguage":"pt-BR","@id":"https:\/\/audimedsaude.com.br\/#\/schema\/logo\/image\/","url":"https:\/\/audimedsaude.com.br\/wp-content\/uploads\/2025\/02\/Logos-Home-Care.png","contentUrl":"https:\/\/audimedsaude.com.br\/wp-content\/uploads\/2025\/02\/Logos-Home-Care.png","width":1192,"height":336,"caption":"Audimed Sa\u00fade Home Care"},"image":{"@id":"https:\/\/audimedsaude.com.br\/#\/schema\/logo\/image\/"},"sameAs":["https:\/\/www.facebook.com\/audimedsaude","https:\/\/www.instagram.com\/audimedsaude\/"]}]}},"_links":{"self":[{"href":"https:\/\/audimedsaude.com.br\/index.php?rest_route=\/wp\/v2\/pages\/15","targetHints":{"allow":["GET"]}}],"collection":[{"href":"https:\/\/audimedsaude.com.br\/index.php?rest_route=\/wp\/v2\/pages"}],"about":[{"href":"https:\/\/audimedsaude.com.br\/index.php?rest_route=\/wp\/v2\/types\/page"}],"author":[{"embeddable":true,"href":"https:\/\/audimedsaude.com.br\/index.php?rest_route=\/wp\/v2\/users\/1"}],"replies":[{"embeddable":true,"href":"https:\/\/audimedsaude.com.br\/index.php?rest_route=%2Fwp%2Fv2%2Fcomments&post=15"}],"version-history":[{"count":28,"href":"https:\/\/audimedsaude.com.br\/index.php?rest_route=\/wp\/v2\/pages\/15\/revisions"}],"predecessor-version":[{"id":50,"href":"https:\/\/audimedsaude.com.br\/index.php?rest_route=\/wp\/v2\/pages\/15\/revisions\/50"}],"wp:attachment":[{"href":"https:\/\/audimedsaude.com.br\/index.php?rest_route=%2Fwp%2Fv2%2Fmedia&parent=15"}],"curies":[{"name":"wp","href":"https:\/\/api.w.org\/{rel}","templated":true}]}}